(2 - 2) + 0 + 1.
1
Evaluate (1 - (3 - 1)) + -3.
-4
What is the value of -4 - (-2 - 1 - 4)?
3
Evaluate (-2 - (-1 - -2)) + 1 + -1.
-3
5 + (-11 - -9) - 9
-6
What is the value of 0 - (8 - 2) - -2?
-4
-9 - -8 - (1 + -2)
0
What is -5 + (8 - 4) - 0 - 5?
-6
What is the value of 7 + -10 + 2 + -1 - -1?
-1
What is -5 - (-2 - (-5 + 6 - 1))?
-3
Calculate (2 - (-4 + 6)) + -1.
-1
(9 + -4 - 5) + (-2 - -6)
4
What is 4 - (4 + 2 + 0 + 0)?
-2
What is -3 + (-1 - (-5 - 0))?
1
Evaluate -5 - (-6 - (14 + -10)).
5
(0 - -3) + (-14 + 21 - 1)
9
Calculate 1 - (-8 - (-8 - -4)).
5
What is 0 + -8 + 0 + 3 + 0?
-5
Calculate (10 - 5) + -5 + (-3 - -7).
4
Evaluate -4 + (2 - (0 - -1)).
-3
Evaluate 8 - (3 + (6 - 3) - 3).
5
What is 2 + 0 - (-15 + 32 + -13)?
-2
What is 0 + (1 - 1) - -3?
3
What is the value of 3 + (3 + -3 - 0 - 5)?
-2
-9 - (-21 + (13 - 5))
4
Evaluate 2 - (0 + 5 - (3 + -2)).
-2
What is 6 + -8 + (1 + 0 - 5)?
-6
Calculate -2 + -6 + 5 + -1.
-4
Calculate (6 - 7) + 3 + 0.
2
What is 8 + -15 + (-3 - -7)?
-3
Evaluate -2 - (2 - (-4 - (-5 + 0))).
-3
Evaluate 0 + 4 + 0 + (-1 - -2).
5
Calculate -41 + 44 + 2 + -4 + 7.
8
What is the value of 2 - (15 + -8) - 1?
-6
-12 + (-10 - -12) - -20
10
What is -2 + 0 + -4 + 11 + -4?
1
Calculate 1 + -1 + (7 + -7 - 1).
-1
Evaluate -12 + 5 + 5 + 3.
1
Calculate (-1 - -10) + (9 - 14).
4
Calculate 1 - -7 - 1 - (2 - 0).
5
What is 10 + -2 + -1 + (3 - 7)?
3
What is the value of (-17 - -19) + -1 + 0?
1
4 - (-4 + 2 + -3) - 4
5
-2 + -2 + (-15 - -18)
-1
What is the value of 0 + 5 + -3 - -2 - 0?
4
Evaluate (0 - -8) + (-20 - -11).
-1
What is the value of 9 + -7 - (-1 - (2 + -7))?
-2
What is 17 + -15 + 6 + -2?
6
Evaluate 1 + -2 + 6 + 0 + -3.
2
(6 - 2) + -6 + 3 + 3
4
Evaluate 4 - (4 + -1) - 5.
-4
Evaluate 1 - (-2 - -7 - -1) - -1.
-4
Evaluate -1 + 1 + -1 + (18 - 12).
5
-7 + -5 + 4 - (-4 + 2)
-6
(-57 - -51) + (0 - 1) + 15
8
-8 - ((-4 - -3) + -8 + 9)
-8
What is the value of 6 + -3 + (-2 + 1 - -3)?
5
(0 - (1 - -7)) + 7
-1
Evaluate -6 + 9 + -9 + 5.
-1
What is 1 + -5 - ((-2 - 2) + 1)?
-1
What is -4 + (-3 - (-5 + 2)) + 1?
-3
Evaluate 4 - (9 - 1 - 9).
5
What is (4 - 0) + -4 + -2 - -5?
3
-5 - (8 + (-8 - -6) + -3)
-8
Evaluate (1 + 6 - 6) + (-5 - -8).
4
-4 + 7 - (-21 - -21)
3
What is 2 - (8 + (-8 - 1))?
3
What is 5 - (4 + (-15 - -6) + 5)?
5
(-5 + -3 - -5) + 2
-1
What is 6 + -4 + 3 + -3?
2
What is (4 - (-6 - -11)) + 4 + 0?
3
Evaluate 3 - ((-2 - 0) + 29 + -26).
2
Calculate (7 - 21) + 5 + 12.
3
What is the value of -4 + -5 + 5 + -1?
-5
Calculate -4 - 3 - (-15 + (4 - -1)).
3
What is (-6 + 3 - -8) + 1?
6
2 - (0 - 1 - -4)
-1
Evaluate 7 + -10 + -3 + 7 - -3.
4
What is the value of -17 + 23 - (15 - 2)?
-7
Calculate -3 - (-6 + 3) - 1.
-1
-13 - (-7 - -4) - -6 - 1
-5
Calculate -5 + 2 - (-3 + 4).
-4
What is the value of -2 - -3 - (-3 + 8 - 1)?
-3
What is the value of 5 + (0 - 0) + -10?
-5
What is (-1 + -5 - -4) + 10?
8
11 - (7 + -4) - (1 - -2)
5
What is (-10 - 3) + 1 + 4?
-8
Calculate -8 - (9 + (5 - 29)).
7
Evaluate 0 - (-4 + 5 - -1).
-2
Evaluate 4 + 2 + -3 - (-8 - -6).
5
2 + (-4 - (0 - 1)) - 1
-2
Evaluate -3 + -4 + 5 - -3.
1
Calculate 9 - (-9 + 22 + -10).
6
What is the value of 7 + 3 + 1 + -2 + -3?
6
Evaluate (-4 + 8 - 1) + 0.
3
What is the value of -2 - ((1 - 0) + -1 - 1)?
-1
What is the value of 1 + 1 + (5 - (4 - 0))?
3
Calculate (1 - 0 - 3) + 0 + 0.
-2
What is the value of 0 + -1 + -55 + 48?
-8
(-3 + 3 - -2) + -8 + 4
-2
2 + -9 + 2 - (-1 + 1)
-5
Calculate (1 - (1 - -1)) + 15 + -8.
6
Calculate -4 + 0 + (0 - -8).
4
Evaluate -4 + 2 - (-1 - 6).
5
Evaluate -3 + 2 + 0 + 2.
1
(2 - (1 + 4)) + (7 - 1)
3
Calculate -2 - 3 - -3 - (-1 - 0).
-1
6 + -13 + 7 + 0 + 6
6
Evaluate (-1 - -3) + 2 + -7 + 3.
0
What is the value of -5 + 3 + 1 + -3 + 3?
-1
-8 + -5 + (4 + 0 - -4)
-5
0 + (-1 - -2) + -2
-1
What is the value of (4 - 11) + -12 + 14?
-5
What is -2 + (-6 - -5) + (2 - 0)?
-1
Evaluate 21 - (-13 + 22 - -5).
7
-3 - (0 + 2 + -7)
2
What is 11 + -9 - (-2 - (-2 + 0))?
2
-11 + 6 - -7 - 5
-3
Evaluate 1 - 2 - -3 - 3.
-1
4 + 0 + 3 + -7
0
What is the value of (-1 - (-1 - 0)) + 3 - 7?
-4
What is (-9 - (9 + -9)) + 2?
-7
Calculate (-3 - 4) + 3 - 6 - -2.
-8
Evaluate 3 + -9 - (-44 + 32).
6
Evaluate (17 + -5 - 6) + (-2 - -1).
5
Calculate (3 - (4 + 5)) + 7.
1
Calculate (2 - 4) + (-4 - -3).
-3
3 + (-8 - 3) + 5
-3
What is -4 + (3 - 2) - -4?
1
Evaluate (-7 - -1) + (-4 - -6).
-4
What is 11 + -9 + -2 + -4 - -1?
-3
What is 4 - 2 - ((-7 - -14) + -11)?
6
Evaluate -6 + 1 - (0 - 0).
-5
What is the value of -3 + 0 - (-3 - -2)?
-2
3 - (-6 - (-16 + 5))
-2
Calculate -1 + 1 - (-56 - -55).
1
What is the value of -5 - (9 + -5 + -1 + -5)?
-3
Calculate 10 - 12 - 9 - -7.
-4
Calculate 0 - ((-6 - 1 - -5) + -2).
4
Evaluate 4 - (-2 + (-10 - -13)).
3
(0 - 2) + 2 + -4
-4
What is the value of 2 - 5 - -9 - 0?
6
Calculate 2 + -1 + 2 - (0 + 0).
3
Calculate 5 + -5 + 0 + -4 + 6.
2
What is 3 + -3 + 2 - (6 + -1)?
-3
Calculate (-23 - -9) + (-9 - -14).
-9
Calculate 0 + 3 + (4 - 2) + -9.
-4
Calculate -1 + 2 + (-1 - -3).
3
What is 7 + 1 + -5 - (-9 + 3)?
9
Calculate (7 - 8) + (-1 - -2).
0
What is the value of 32 + -33 + -9 + 5?
-5
What is 1 - (-5 + (8 - 0) - 4)?
2
Calculate -9 - (1 + -12 + 8).
-6
What is 7 + (-2 - -5) + (25 - 44)?
-9
14 + -8 - 5 - 0
1
What is 3 + 0 + 4 + -2 - 8?
-3
Calculate (-5 - -3) + -6 + 7.
-1
2 - 2 - (15 + -19)
4
What is 13 + -12 - (0 + 3)?
-2
Calculate 5 - (-7 + (10 - -3)).
-1
-3 + (0 - (-1 - 3)) - 2
-1
What is (-6 - -9) + -2 + -1?
0
6 + -13 - -1 - -6
0
What is the value of -25 - -28 - (8 + 2)?
-7
What is the value of 8 + -14 - (-1 - 4)?
-1
Evaluate -9 - -3 - (2 - 6).
-2
Evaluate -23 + 20 - (-1 - -2).
-4
Calculate -5 + (1 + -1 - (23 - 32)).
4
Calculate 0 + 2 + -5 + -1.
-4
Evaluate -1 + 7 + (-3 - 0).
3
What is -2 - 6 - ((-2 - -2) + -3)?
-5
Evaluate 3 - 4 - (-1 - (-1 - 5)).
-6
Calculate -4 - (6 + (6 - 15)).
-1
Evaluate 3 - (5 + -2 + 3).
-3
4 + -4 - 2 - 1
-3
0 + -7 + (3 - 2 - -3)
-3
What is the value of 0 - (-13 - (7 - 17))?
3
Evaluate -3 - 5 - (-12 + 2 - 0).
2
(8 - 12) + 0 + 2
-2
Evaluate (-1 - (9 - 5) - -16) + -5.
6
(3 - 2) + (-15 - -12)
-2
(1 - 1) + 0 - (-5 - -3)
2
What is the value of (-3 + -3 - -1) + (-13 - -22)?
4
What is -2 + (-4 - -10 - 3)?
1
Evaluate 1 + 11 + 1 + -11.
2
Evaluate -3 + (7 - 3 - 4).
-3
Calculate 7 + -5 + -3 - (-4 - 1).
4
-42 + 45 + (1 - 1)
3
What is the value of (0 + 1 - 4) + -1?
-4
Calculate -5 + (9 + -4 - 5).
-5
Evaluate -4 + 0 + (-1 - -3) - -7.
5
What is (-4 - 0) + 21 + -16 + -1?
0
Calculate 2 + 2 - (-2 + (0 - -3)).
3
-5 + -7 + 5 + 1
-6
Calculate 9 + -3 + -12 - (-3 - -1).
-4
-6 + 10 - 8 - 1
-5
Calculate -8 - ((5 - (7 + -2)) + -2).
-6
Evaluate 7 + -1 + -5 - 4.
-3
Evaluate (1 - 6 - (0 - 3)) + 4.
2
Evaluate (-9 - -5) + 10 - 7.
-1
Calculate (-1 - 8) + 4 + 2 + -2.
-5
Calculate (-3 - (2 + -1)) + (-17 - -18).
-3
What is the value of (-4 - -4) + 1 + (-3 - -1)?
-1
What is the value of (9 + -9 - 4) + 4?
0
What is the value of (2 - -1) + 0 + (-128 - -130)?
5
What is -1 + 1 + (1 - (-2 + -1))?
4
(-6 - -1) + (59 - 55)
-1
Evaluate 2 + (18 - 28) - (-7 - -1).
-2
Evaluate 4 - (2 - -1) - 1.
0
What is -3 + (1 - (-21 - -13))?
6
Evaluate -2 + 6 - (10 - 15).
9
Calculate 1 + -13 + -49 + 54.
-7
What is -17 + -14 + 3 + 18?
-10
What is the value of (-1 - (2 + (3 - 3))) + 1?
-2
What is -8 + -2 + (8 - 2)?
-4
What is the value of (-2 - -1) + (-7 - (-10 - -6))?
-4
(2 - 3) + (-1 + -1 - 2)
-5
Calculate (10 + 0 - 5) + 0 + -5.
0
What is -1 + 0 - 3 - 1 - -1?
-4
What is the value of -4 - -1 - (-1 + -2 + 0)?
0
What is -1 - 2 - 0 - (22 - 25)?
0
What is the value of 10 - (-4 - 2 - -11)?
5
What is the value of -4 + 2 + 4 - 7?
-5
What is the value of -3 + 2 - ((3 - 3) + -1)?
0
Calculate -84 + 81 + (0 - 3).
-6
Evaluate -5 + (-4 - 1) + 4 + 3.
-3
What is the value of 0 - -12 - (17 - (21 - 9))?
7
What is -1 + -1 - 2 - (3 + -7)?
0
-8 - (6 - -1 - 6 - 1)
-8
-4 - (5 + -3 + -3)
-3
Calculate 0 + (-3 - (-1 - -1)).
-3
What is (5 - 5 - 2) + (2 - 3)?
-3
-4 + 6 + -19 + 9
-8
Evaluate -2 + (2 - (-7 + 4 + -2)).
5
-1 - -4 - 3 - 2
-2
What is -11 + (-5 - 1) - -11?
-6
What is the value of -9 - (0 + -5 + 1)?
-5
(8 - 5) + 3 + -4
2
What is the value of -1 + (5 + -1 - -2) - 5?
0
Evaluate 8 - (19 + -15 - -10).
-6
What is 3 + 0 + (-12 - -7)?
-2
-1 + -1 - (-6 + 13 + -10)
1
(8 + -3 - (-5 - -13)) + 4
1
Evaluate (6 - 8) + 6 - 5.
-1
What is -1 + -3 - -3 - -5?
4
What is the value o